s the remainder when f is divided by 13?
8
Let r = -8522 - -8554. Calculate the remainder when 129 is divided by r.
1
Let y be (-5)/((-105)/(-162)) - (-4)/(-14). Let v be (-2)/4 - (52/y - 0). Suppose 60 = v*a - 2*a. Calculate the remainder when a is divided by 4.
3
Let i = -17 - -35. Suppose 351 + 297 = i*b. What is the remainder when 285 is divided by b?
33
Let k(u) = u**3 + 5*u**2 - 4. Let n be k(8). Suppose -3*a + n = 9*a. Calculate the remainder when a is divided by -15*(-2)/12*14.
34
Suppose -3 = 3*m - 0. Suppose -26 = -2*k + 14. Calculate the remainder when k is divided by 5 + m*(-2 + 4).
2
Suppose -7*i - 77 = -49. Let s(q) = 2 - 5*q + 0*q**2 + q**2 - 6*q**2 - q**3 + 0. What is the remainder when 27 is divided by s(i)?
3
Let p = 736 + -735. Suppose p = -m, 105 - 880 = -4*k - 5*m. Calculate the remainder when k is divided by 67.
61
Suppose 89*r - 817 - 874 = 0. Calculate the remainder when 10746 is divided by r.
11
Let g = 4120 - 148. Calculate the remainder when g is divided by 53.
50
Let n = 21 - 18. Suppose -3*t + 3*g = -147, 4*t = -4*g + 3 + 161. What is the remainder when t is divided by n?
0
Suppose 3*y - 2*l - 338 = 0, 331 = 3*y - 23*l + 28*l. Calculate the remainder when 1340 is divided by y.
108
Let u = 1204 + -1196. Calculate the remainder when 331 is divided by u.
3
Let t(w) = 7*w**2 + 159*w + 18. What is the remainder when 100 is divided by t(-23)?
36
Let k = -1618 + 1658. Calculate the remainder when 1114 is divided by k.
34
Let o(l) = 31*l**3 + 2*l - 1. Let x = 407 + -380. Calculate the remainder when o(1) is divided by 5*x/45 - -4*2.
10
Suppose -4*v = -3*n - v - 12, -4*n - 4 = -v. Suppose 1239 = -n*r - 7*r. Let i = 360 + r. Calculate the remainder when i is divided by 47.
42
Suppose 0 = 3*f - 3 - 0, -2*f = 4*d + 22. Calculate the remainder when (2 - 407)*4*1/d is divided by 34.
32
Suppose 425*z - 3132 = 431*z. Calculate the remainder when 10 is divided by (5/3)/((-145)/z).
4
Suppose 55*c - 2459 + 709 = 45*c. Let t(l) = l + 8. What is the remainder when c is divided by t(7)?
10
Suppose -4*y + 395 = -z, -4*y + 5*z - 150 + 541 = 0. What is the remainder when 194 is divided by y?
95
Let q(a) = -a**3 + 10*a**2 - 9*a - 4. Let k be q(9). Let s be (441/(-6) - k)*-2. Suppose -8*w = -s + 19. What is the remainder when 43 is divided by w?
13
Let n = 965 + -833. Suppose -5*h + 3 = -2, 0 = 5*v - 5*h - 25. Calculate the remainder when n is divided by v.
0
Let d = 42 - 25. Suppose 4*k + 0*k = -12. Let o(h) = h**2 - 5. What is the remainder when d is divided by o(k)?
1
Let w(k) = 18*k + 9. Let s be w(-2). Let t be (-1 + -3)*s/(-24)*2. Calculate the remainder when 25 is divided by 7 + t/(-3) - -3.
12
Suppose -9 = -4*u + 11. Suppose 8*y - 2*y = 48. Calculate the remainder when y is divided by u.
3
Suppose 29*p - 5797 = -2*p. What is the remainder when 364 is divided by p?
177
Suppose -5*g + 907 = -813. What is the remainder when g is divided by (1530/25 - 2) + (-24)/20?
54
Suppose 4*i = 4, -24*i + 70 = -4*m - 26*i. What is the remainder when (-10)/(-60) - 1923/m is divided by 12?
11
Suppose 3*y - 7382 = -3*h + 2890, 3421 = y - 2*h. What is the remainder when y is divided by 66?
57
Suppose 7280 = -13*z - 13*z. Let m = z + 291. What is the remainder when m is divided by 4?
3
Suppose -29 = u - 5*r, -11*u = -10*u + 4*r - 7. Let h(k) = -13*k + 5. Let j be h(u). Let a = j - 103. What is the remainder when 67 is divided by a?
10
Let p = 5984 + -5776. What is the remainder when p is divided by 198?
10
Let g(v) = -v. Let l(t) = 10*t + 23. Let q(c) = 6*g(c) + l(c). Calculate the remainder when 261 is divided by q(11).
60
Let d be -4 - (1/7 + (-472)/(-28)). What is the remainder when 27 is divided by 119/(-14 - d) - (1 + 0)?
11
Let j = -405 + 410. Suppose j*x - 313 = -63. Calculate the remainder when 149 is divided by x.
49
Suppose -185 = 4*s + 543. Let h = 409 + s. Calculate the remainder when h is divided by 58.
53
Let d = 254 - 373. Let k = 81 + d. What is the remainder when (-893)/k - (-2)/4 is divided by 13?
11
Suppose -95 = -w + 87. Calculate the remainder when w is divided by (-620)/(-20 - -10 - 0).
58
Suppose -1128 + 635 = -185*k + 9312. Let d = -10 + 31. Calculate the remainder when k is divided by d.
11
Let t = 1067 - 1068. Let f(q) = 4*q - 1. Let p be f(1). What is the remainder when t/((-5)/960*p) is divided by 17?
13
Let n(b) be the third derivative of -47*b**4/24 + 5*b**3/6 + 450*b**2. Suppose 7 + 8 = -5*h. Calculate the remainder when n(h) is divided by 37.
35
Let n be ((-10)/(-4))/(-5)*(-6 - -6). Suppose n = 8*z - 4*z + 3*s - 11, 32 = 4*z - 4*s. Calculate the remainder when ((-1)/(-1) - 2) + 19 is divided by z.
3
Let v(o) = 3*o**2 + 2*o - 5. Let d be v(-3). Let l(n) = 10*n - 6. Let g = 563 + -537. What is the remainder when l(d) is divided by g?
24
Let p = 6089 + -6030. What is the remainder when 291 is divided by p?
55
Suppose -4*x + 144 = 4*k, -4*x + 9*x - 141 = -4*k. Let w = -36 + k. Suppose 24 = -4*t + 60. What is the remainder when t is divided by w?
0
Let s = 2 - -2. Suppose -s*m = 5*c + 91, 0 = 4*c + 5*m - 6*m + 56. Let p = c - -20. What is the remainder when 6 is divided by p?
1
Suppose 5*z + 0*z - 1129 = 2*f, 2*f - 2*z = -1144. Let s = -243 - f. Let c = -235 + s. Calculate the remainder when c is divided by 25.
24
Suppose 0 = -c + 2*q + 88, 10*c = 7*c - 5*q + 231. What is the remainder when c is divided by 940/45 + 10/90?
19
Let f be 8/(-48) - 4/(-24). Suppose f = -0*i - 5*i - 2*a + 165, -4*i + 2*a + 150 = 0. Calculate the remainder when i is divided by 13.
9
Let w be (414/21)/(3/(-63)). What is the remainder when 135 is divided by ((-2)/(-3))/((-6)/w)?
43
Let a = -2336 - -2419. Calculate the remainder when 183 is divided by a.
17
Let h(u) = -u**3 - 33*u**2 + 38*u + 145. Let l be h(-34). What is the remainder when 35 is divided by 2/l + (-840)/(-108)?
3
Let q(a) be the third derivative of a**4/12 - 55*a**3/6 + 60*a**2. What is the remainder when 16 is divided by q(30)?
1
Let z(r) = -115*r + 466. Calculate the remainder when z(-14) is divided by 40.
36
Let c(b) = 77*b**3 - 3*b**2 + 3*b - 2. Let j(m) = 3*m**2 - 10*m - 47. What is the remainder when j(11) is divided by c(1)?
56
Let h be -83 + (-15)/(-3) - 5. Let k = 117 + h. Suppose k*n = 26*n + 664. Calculate the remainder when n is divided by 14.
13
Suppose -f + 4*f + 22 = 4*s, -2*s - 5*f + 24 = 0. Let h = -930 - -939. What is the remainder when h is divided by s?
2
Let q(c) = -c**3 + 13*c**2 - c + 19. Let t = 9 - 2. Suppose 0 = -8*h + t*h + 13. What is the remainder when 15 is divided by q(h)?
3
Let p = -63 - -63. Let k = 2 - p. Calculate the remainder when (4 + -6)/(k/23)*-1 is divided by 12.
11
Let d(h) = h**3 + 18*h**2 - 5*h + 19. Let o be d(-19). Let x = o - -308. Calculate the remainder when x is divided by 32.
29
Let t(n) be the first derivative of n**4/2 - 2*n**3/3 - 2*n**2 - 13*n - 42. What is the remainder when t(6) is divided by 36?
35
Suppose x = s - 38, -215*x + 210*x = -2*s + 70. Calculate the remainder when 244 is divided by s.
4
Let y(n) = -n**3 + 4*n**2 + 3*n + 5. Suppose 16*p = 10*p - 204. Let o = 118 + p. What is the remainder when o is divided by y(4)?
16
Let l(j) = -j**2 + 13*j + 31. Let o be l(15). Let n be (-25 - -35)*(o + (-1 - 1)). Let b(u) = -6*u - 28. What is the remainder when 91 is divided by b(n)?
27
Suppose -2948*k = -2945*k - 1317. Calculate the remainder when k is divided by 34.
31
Let a = 3753 + -3115. Calculate the remainder when a is divided by 55.
33
Suppose -2*b - 3*v = -136, 5*v + 365 = 82*b - 77*b. Calculate the remainder when b is divided by 40.
31
Suppose 0 = 3*g - 4 - 8. Suppose 0*f + 2*f = -3*s + 33, -g*f - 33 = -3*s. Let c(i) = -i**3 - 3*i**2 + i - 2. Calculate the remainder when c(-5) is divided by s.
10
Let l(o) = 2*o**2 - 32*o - 11. What is the remainder when l(-7) is divided by 26?
25
Suppose 90 = 33*j - 75. Suppose 0 = 4*f + 4*o - 128, -f + 124 = 3*f + j*o. What is the remainder when 90 is divided by f?
18
Let c = -9 - -29. Let l(j) = -12*j - 86. Let y be l(-10). Suppose 48 = 2*b + y. What is the remainder when c is divided by b?
6
Suppose 24*h + 366 = 14190. Suppose 9*f = -23*f + h. Calculate the remainder when 156 is divided by f.
12
Suppose -4*f = f - 585. Let b = -14461 + 14481. Calculate the remainder when f is divided 